Dec 02 08:45:26.061 INFO testing ChrisDavison/mdlc against master#8940af3cea4a9a9deabcaf843b2f8cad9a83fc61 for beta-1.31-5
Dec 02 08:45:26.061 INFO running `"docker" "create" "-v" "/mnt/big/crater/work/local/target-dirs/beta-1.31-5/worker-4/master#8940af3cea4a9a9deabcaf843b2f8cad9a83fc61:/target:rw,Z" "-v" "/mnt/big/crater/work/local/test-source/worker-4/beta-1.31-5/master#8940af3cea4a9a9deabcaf843b2f8cad9a83fc61:/source:ro,Z" "-v" "/mnt/big/crater/work/local/cargo-home:/cargo-home:ro,Z" "-v" "/mnt/big/crater/work/local/rustup-home:/rustup-home:ro,Z" "-e" "USER_ID=1000" "-e" "SOURCE_DIR=/source" "-e" "USER_ID=1000" "-e" "CMD=cargo +8940af3cea4a9a9deabcaf843b2f8cad9a83fc61-alt build --frozen" "-e" "CARGO_TARGET_DIR=/target" "-e" "CARGO_INCREMENTAL=0" "-e" "RUST_BACKTRACE=full" "-e" "RUSTFLAGS=--cap-lints=warn" "-e" "CARGO_HOME=/cargo-home" "-e" "RUSTUP_HOME=/rustup-home" "-m" "1536M" "--network" "none" "crater"`
Dec 02 08:45:26.470 INFO [stdout] 102157f6ec983c0eef41ff679df294996f10455564dc87fb901b3f06f65eca9a
Dec 02 08:45:26.479 INFO running `"docker" "start" "-a" "102157f6ec983c0eef41ff679df294996f10455564dc87fb901b3f06f65eca9a"`
Dec 02 08:45:27.935 INFO [stderr] usermod: no changes
Dec 02 08:45:28.317 INFO [stderr]    Compiling tokio-tls v0.1.4
Dec 02 08:45:31.567 INFO [stderr]    Compiling hyper-tls v0.1.3
Dec 02 08:45:35.672 INFO [stderr]    Compiling reqwest v0.8.5
Dec 02 08:45:48.891 INFO [stderr]    Compiling mdlc v0.1.0 (/source)
Dec 02 08:45:56.731 INFO [stderr]     Finished dev [unoptimized + debuginfo] target(s) in 28.77s
Dec 02 08:45:56.744 INFO [stderr] su: No module specific data is present
Dec 02 08:45:57.345 INFO running `"docker" "inspect" "102157f6ec983c0eef41ff679df294996f10455564dc87fb901b3f06f65eca9a"`
Dec 02 08:45:57.643 INFO running `"docker" "rm" "-f" "102157f6ec983c0eef41ff679df294996f10455564dc87fb901b3f06f65eca9a"`
Dec 02 08:45:57.914 INFO [stdout] 102157f6ec983c0eef41ff679df294996f10455564dc87fb901b3f06f65eca9a
Dec 02 08:45:57.923 INFO running `"docker" "create" "-v" "/mnt/big/crater/work/local/target-dirs/beta-1.31-5/worker-4/master#8940af3cea4a9a9deabcaf843b2f8cad9a83fc61:/target:rw,Z" "-v" "/mnt/big/crater/work/local/test-source/worker-4/beta-1.31-5/master#8940af3cea4a9a9deabcaf843b2f8cad9a83fc61:/source:ro,Z" "-v" "/mnt/big/crater/work/local/cargo-home:/cargo-home:ro,Z" "-v" "/mnt/big/crater/work/local/rustup-home:/rustup-home:ro,Z" "-e" "USER_ID=1000" "-e" "SOURCE_DIR=/source" "-e" "USER_ID=1000" "-e" "CMD=cargo +8940af3cea4a9a9deabcaf843b2f8cad9a83fc61-alt test --frozen --no-run" "-e" "CARGO_TARGET_DIR=/target" "-e" "CARGO_INCREMENTAL=0" "-e" "RUST_BACKTRACE=full" "-e" "RUSTFLAGS=--cap-lints=warn" "-e" "CARGO_HOME=/cargo-home" "-e" "RUSTUP_HOME=/rustup-home" "-m" "1536M" "--network" "none" "crater"`
Dec 02 08:45:58.368 INFO [stdout] e9df9cf6a4e15ebd98fc1ca41dda66556a3aac44bb88e9af9ca0de5273787513
Dec 02 08:45:58.370 INFO running `"docker" "start" "-a" "e9df9cf6a4e15ebd98fc1ca41dda66556a3aac44bb88e9af9ca0de5273787513"`
Dec 02 08:45:59.423 INFO [stderr] usermod: no changes
Dec 02 08:45:59.707 INFO [stderr]    Compiling mdlc v0.1.0 (/source)
Dec 02 08:46:10.207 INFO [stderr]     Finished dev [unoptimized + debuginfo] target(s) in 10.76s
Dec 02 08:46:10.222 INFO [stderr] su: No module specific data is present
Dec 02 08:46:10.729 INFO running `"docker" "inspect" "e9df9cf6a4e15ebd98fc1ca41dda66556a3aac44bb88e9af9ca0de5273787513"`
Dec 02 08:46:10.930 INFO running `"docker" "rm" "-f" "e9df9cf6a4e15ebd98fc1ca41dda66556a3aac44bb88e9af9ca0de5273787513"`
Dec 02 08:46:11.092 INFO [stdout] e9df9cf6a4e15ebd98fc1ca41dda66556a3aac44bb88e9af9ca0de5273787513
Dec 02 08:46:11.101 INFO running `"docker" "create" "-v" "/mnt/big/crater/work/local/target-dirs/beta-1.31-5/worker-4/master#8940af3cea4a9a9deabcaf843b2f8cad9a83fc61:/target:rw,Z" "-v" "/mnt/big/crater/work/local/test-source/worker-4/beta-1.31-5/master#8940af3cea4a9a9deabcaf843b2f8cad9a83fc61:/source:ro,Z" "-v" "/mnt/big/crater/work/local/cargo-home:/cargo-home:ro,Z" "-v" "/mnt/big/crater/work/local/rustup-home:/rustup-home:ro,Z" "-e" "USER_ID=1000" "-e" "SOURCE_DIR=/source" "-e" "USER_ID=1000" "-e" "CMD=cargo +8940af3cea4a9a9deabcaf843b2f8cad9a83fc61-alt test --frozen" "-e" "CARGO_TARGET_DIR=/target" "-e" "CARGO_INCREMENTAL=0" "-e" "RUST_BACKTRACE=full" "-e" "RUSTFLAGS=--cap-lints=warn" "-e" "CARGO_HOME=/cargo-home" "-e" "RUSTUP_HOME=/rustup-home" "-m" "1536M" "--network" "none" "crater"`
Dec 02 08:46:11.366 INFO [stdout] b4a334cf6dff089d0add6790e99fb9bab44d33b50d946245eb7d5eebc3e9c76f
Dec 02 08:46:11.372 INFO running `"docker" "start" "-a" "b4a334cf6dff089d0add6790e99fb9bab44d33b50d946245eb7d5eebc3e9c76f"`
Dec 02 08:46:12.118 INFO [stderr] usermod: no changes
Dec 02 08:46:12.357 INFO [stderr]     Finished dev [unoptimized + debuginfo] target(s) in 0.20s
Dec 02 08:46:12.391 INFO [stderr]      Running /target/debug/deps/mdlc-bc4fa522f8038808
Dec 02 08:46:12.399 INFO [stdout] 
Dec 02 08:46:12.399 INFO [stdout] running 8 tests
Dec 02 08:46:12.415 INFO [stdout] test link::tests::should_not_modify_links_without_anchors ... ok
Dec 02 08:46:12.416 INFO [stdout] test link::tests::should_validate_good_local_links ... ok
Dec 02 08:46:12.416 INFO [stdout] test link::tests::should_remove_anchors_from_markdown_links ... ok
Dec 02 08:46:12.439 INFO [stdout] test link::tests::should_find_all_urls_in_file ... ok
Dec 02 08:46:12.439 INFO [stdout] test link::tests::should_find_all_urls_in_string ... ok
Dec 02 08:46:12.587 INFO [stdout] test link::tests::should_fail_bad_local_links ... ok
Dec 02 08:46:12.699 INFO [stdout] test link::tests::should_not_return_ok_on_web_url_fail ... ok
Dec 02 08:46:12.751 INFO [stdout] test link::tests::should_return_valid_on_web_url_success ... FAILED
Dec 02 08:46:12.751 INFO [stdout] 
Dec 02 08:46:12.751 INFO [stdout] failures:
Dec 02 08:46:12.751 INFO [stdout] 
Dec 02 08:46:12.751 INFO [stdout] ---- link::tests::should_return_valid_on_web_url_success stdout ----
Dec 02 08:46:12.751 INFO [stdout] Got status: Problem
Dec 02 08:46:12.751 INFO [stdout] thread 'link::tests::should_return_valid_on_web_url_success' panicked at 'assertion failed: `(left == right)`
Dec 02 08:46:12.751 INFO [stdout]   left: `Problem`,
Dec 02 08:46:12.751 INFO [stdout]  right: `Valid`', src/link.rs:248:13
Dec 02 08:46:12.751 INFO [stdout] stack backtrace:
Dec 02 08:46:12.751 INFO [stdout]    0:     0x55d7881dc79f - std::sys::unix::backtrace::tracing::imp::unwind_backtrace::h3a8b83e1922cbdde
Dec 02 08:46:12.751 INFO [stdout]                                at libstd/sys/unix/backtrace/tracing/gcc_s.rs:49
Dec 02 08:46:12.751 INFO [stdout]    1:     0x55d7881e6047 - std::sys_common::backtrace::print::h00d3155a29b4020f
Dec 02 08:46:12.751 INFO [stdout]                                at libstd/sys_common/backtrace.rs:71
Dec 02 08:46:12.751 INFO [stdout]                                at libstd/sys_common/backtrace.rs:59
Dec 02 08:46:12.751 INFO [stdout]    2:     0x55d7881e0b1f - std::panicking::default_hook::{{closure}}::hd7465c742e79e1bb
Dec 02 08:46:12.751 INFO [stdout]                                at libstd/panicking.rs:211
Dec 02 08:46:12.751 INFO [stdout]    3:     0x55d7881e081e - std::panicking::default_hook::h9e3966f2aa2a6e12
Dec 02 08:46:12.751 INFO [stdout]                                at libstd/panicking.rs:221
Dec 02 08:46:12.751 INFO [stdout]    4:     0x55d7881e11fe - std::panicking::rust_panic_with_hook::h587f091ae747d080
Dec 02 08:46:12.751 INFO [stdout]                                at libstd/panicking.rs:476
Dec 02 08:46:12.751 INFO [stdout]    5:     0x55d7881e0da1 - std::panicking::continue_panic_fmt::hb3a4fdede87f43a8
Dec 02 08:46:12.751 INFO [stdout]                                at libstd/panicking.rs:390
Dec 02 08:46:12.751 INFO [stdout]    6:     0x55d7881e0cee - std::panicking::begin_panic_fmt::h387afc7da9a10555
Dec 02 08:46:12.751 INFO [stdout]                                at libstd/panicking.rs:345
Dec 02 08:46:12.751 INFO [stdout]    7:     0x55d787ce150c - mdlc::link::tests::should_return_valid_on_web_url_success::h37f9892c7586f3fe
Dec 02 08:46:12.751 INFO [stdout]                                at src/link.rs:248
Dec 02 08:46:12.751 INFO [stdout]    8:     0x55d787ce10b9 - mdlc::link::tests::should_return_valid_on_web_url_success::{{closure}}::h0d479fb711fe627f
Dec 02 08:46:12.751 INFO [stdout]                                at src/link.rs:239
Dec 02 08:46:12.751 INFO [stdout]    9:     0x55d787ce672d - core::ops::function::FnOnce::call_once::h3ade43b623c43514
Dec 02 08:46:12.751 INFO [stdout]                                at libcore/ops/function.rs:238
Dec 02 08:46:12.751 INFO [stdout]   10:     0x55d787cf8b2e - <F as alloc::boxed::FnBox<A>>::call_box::hac903f91577a156c
Dec 02 08:46:12.751 INFO [stdout]                                at libtest/lib.rs:1468
Dec 02 08:46:12.751 INFO [stdout]                                at libcore/ops/function.rs:238
Dec 02 08:46:12.751 INFO [stdout]                                at liballoc/boxed.rs:672
Dec 02 08:46:12.751 INFO [stdout]   11:     0x55d7881f0ff9 - __rust_maybe_catch_panic
Dec 02 08:46:12.751 INFO [stdout]                                at libpanic_unwind/lib.rs:102
Dec 02 08:46:12.751 INFO [stdout]   12:     0x55d787d1a782 - std::sys_common::backtrace::__rust_begin_short_backtrace::hb8f0d0309526c184
Dec 02 08:46:12.751 INFO [stdout]                                at libstd/panicking.rs:289
Dec 02 08:46:12.751 INFO [stdout]                                at libstd/panic.rs:392
Dec 02 08:46:12.751 INFO [stdout]                                at libtest/lib.rs:1423
Dec 02 08:46:12.751 INFO [stdout]                                at libstd/sys_common/backtrace.rs:136
Dec 02 08:46:12.751 INFO [stdout]   13:     0x55d787d1b234 - std::panicking::try::do_call::hc2f7c8b9a348d8db
Dec 02 08:46:12.751 INFO [stdout]                                at libstd/thread/mod.rs:409
Dec 02 08:46:12.751 INFO [stdout]                                at libstd/panic.rs:313
Dec 02 08:46:12.751 INFO [stdout]                                at libstd/panicking.rs:310
Dec 02 08:46:12.751 INFO [stdout]   14:     0x55d7881f0ff9 - __rust_maybe_catch_panic
Dec 02 08:46:12.751 INFO [stdout]                                at libpanic_unwind/lib.rs:102
Dec 02 08:46:12.751 INFO [stdout]   15:     0x55d787d0846c - <F as alloc::boxed::FnBox<A>>::call_box::h6bfded618e480b32
Dec 02 08:46:12.751 INFO [stdout]                                at libstd/panicking.rs:289
Dec 02 08:46:12.751 INFO [stdout]                                at libstd/panic.rs:392
Dec 02 08:46:12.751 INFO [stdout]                                at libstd/thread/mod.rs:408
Dec 02 08:46:12.751 INFO [stdout]                                at liballoc/boxed.rs:672
Dec 02 08:46:12.751 INFO [stdout]   16:     0x55d7881de80d - std::sys_common::thread::start_thread::h4c28257d67cdf9cb
Dec 02 08:46:12.751 INFO [stdout]                                at liballoc/boxed.rs:682
Dec 02 08:46:12.751 INFO [stdout]                                at libstd/sys_common/thread.rs:24
Dec 02 08:46:12.751 INFO [stdout]   17:     0x55d7881d10a5 - std::sys::unix::thread::Thread::new::thread_start::hfecb2e7eff8fd34f
Dec 02 08:46:12.751 INFO [stdout]                                at libstd/sys/unix/thread.rs:90
Dec 02 08:46:12.751 INFO [stdout]   18:     0x7f716b45e6b9 - start_thread
Dec 02 08:46:12.751 INFO [stdout]   19:     0x7f716af7e41c - clone
Dec 02 08:46:12.751 INFO [stdout]   20:                0x0 - <unknown>
Dec 02 08:46:12.751 INFO [stdout] 
Dec 02 08:46:12.751 INFO [stdout] 
Dec 02 08:46:12.751 INFO [stdout] failures:
Dec 02 08:46:12.751 INFO [stdout]     link::tests::should_return_valid_on_web_url_success
Dec 02 08:46:12.751 INFO [stdout] 
Dec 02 08:46:12.751 INFO [stdout] test result: FAILED. 7 passed; 1 failed; 0 ignored; 0 measured; 0 filtered out
Dec 02 08:46:12.751 INFO [stdout] 
Dec 02 08:46:12.767 INFO [stderr] error: test failed, to rerun pass '--bin mdlc'
Dec 02 08:46:12.767 INFO [stderr] su: No module specific data is present
Dec 02 08:46:13.855 INFO running `"docker" "inspect" "b4a334cf6dff089d0add6790e99fb9bab44d33b50d946245eb7d5eebc3e9c76f"`
Dec 02 08:46:14.145 INFO running `"docker" "rm" "-f" "b4a334cf6dff089d0add6790e99fb9bab44d33b50d946245eb7d5eebc3e9c76f"`
Dec 02 08:46:14.439 INFO [stdout] b4a334cf6dff089d0add6790e99fb9bab44d33b50d946245eb7d5eebc3e9c76f
